t common factor of 132451 and 55?
11
Calculate the greatest common factor of 1265 and 88.
11
What is the greatest common factor of 117326 and 66?
22
Calculate the highest common divisor of 423 and 2007.
9
What is the greatest common factor of 5 and 178155?
5
Calculate the greatest common factor of 21350281 and 19.
19
Calculate the greatest common divisor of 1246 and 4438.
14
What is the greatest common factor of 125419 and 13489?
287
Calculate the greatest common factor of 183 and 386191.
61
What is the highest common divisor of 70456 and 8?
8
What is the highest common factor of 516 and 47184?
12
Calculate the greatest common divisor of 26 and 109239.
13
What is the greatest common factor of 403492 and 745?
149
What is the greatest common divisor of 683146 and 46?
46
What is the greatest common divisor of 9650 and 2123?
193
What is the greatest common factor of 102 and 1278213?
51
Calculate the highest common divisor of 111 and 3071.
37
Calculate the greatest common factor of 20 and 157204.
4
What is the highest common divisor of 28 and 5600?
28
Calculate the highest common divisor of 11 and 551595.
11
What is the highest common divisor of 3470 and 440?
10
What is the greatest common factor of 2994235 and 530?
265
What is the greatest common factor of 3 and 1814583?
3
What is the highest common divisor of 10 and 38470?
10
Calculate the highest common divisor of 2847 and 44850.
39
What is the highest common divisor of 917 and 573125?
917
What is the highest common factor of 14 and 535934?
14
Calculate the greatest common divisor of 208 and 3376.
16
Calculate the greatest common divisor of 27114 and 12.
6
Calculate the greatest common factor of 4620 and 874335.
1155
Calculate the highest common divisor of 2892 and 3327246.
1446
What is the highest common factor of 11256 and 17889?
201
Calculate the greatest common divisor of 28 and 132244.
28
What is the greatest common divisor of 1088 and 438532?
68
What is the highest common factor of 21631 and 2522?
97
What is the greatest common factor of 108 and 9040?
4
Calculate the highest common divisor of 1604 and 484408.
1604
Calculate the greatest common factor of 149152 and 16.
16
What is the highest common factor of 7521 and 30567?
69
Calculate the highest common factor of 1320 and 11496.
24
Calculate the greatest common factor of 65252 and 187.
11
What is the highest common factor of 178711 and 78?
13
Calculate the greatest common divisor of 291430 and 193.
193
Calculate the highest common divisor of 5712 and 392.
56
Calculate the highest common divisor of 550752 and 480.
96
What is the highest common divisor of 101 and 2224727?
101
Calculate the highest common divisor of 240 and 20364.
12
Calculate the highest common divisor of 26870 and 80.
10
Calculate the greatest common divisor of 104 and 381394.
26
What is the highest common factor of 2220 and 444?
444
What is the greatest common factor of 1348 and 8?
4
Calculate the highest common divisor of 8668 and 169814.
394
Calculate the highest common divisor of 63996 and 48.
12
Calculate the greatest common factor of 4 and 3542.
2
Calculate the greatest common factor of 635 and 1981835.
635
What is the highest common divisor of 33424 and 48?
16
Calculate the greatest common factor of 77469 and 196.
49
What is the greatest common divisor of 227649 and 24?
3
Calculate the greatest common divisor of 126336 and 42.
42
What is the greatest common divisor of 315740 and 20?
20
What is the greatest common divisor of 1113 and 18039?
21
What is the highest common divisor of 365 and 1061?
1
What is the highest common divisor of 13135 and 710?
355
Calculate the highest common divisor of 4147 and 206219.
377
What is the greatest common divisor of 394160 and 208?
208
What is the highest common factor of 71008 and 1120?
224
Calculate the greatest common factor of 10048 and 3104.
32
What is the highest common divisor of 475716 and 348?
348
Calculate the greatest common divisor of 9724 and 353496.
572
Calculate the highest common factor of 129859 and 188387.
1829
Calculate the greatest common factor of 200928 and 7371.
273
What is the greatest common factor of 44560 and 2528?
16
What is the greatest common factor of 2827 and 74273?
257
What is the highest common divisor of 2035500 and 276?
276
What is the greatest common factor of 295830 and 1140?
570
What is the greatest common divisor of 666 and 37518?
222
What is the highest common divisor of 66272 and 91504?
304
Calculate the greatest common divisor of 130 and 259610.
130
Calculate the greatest common divisor of 100 and 431810.
10
Calculate the greatest common divisor of 19 and 393167.
19
What is the greatest common factor of 2167 and 1617?
11
Calculate the greatest common divisor of 243828 and 1404.
468
What is the greatest common factor of 4624373 and 13?
13
What is the highest common factor of 6171 and 27291?
33
What is the highest common divisor of 2201430 and 35?
35
Calculate the greatest common factor of 500 and 1220.
20
Calculate the greatest common divisor of 102 and 11662.
34
Calculate the greatest common factor of 8166 and 138.
6
What is the greatest common factor of 1644627 and 17083?
1553
What is the greatest common divisor of 209120 and 60?
20
Calculate the highest common factor of 99 and 31218.
33
What is the highest common factor of 884 and 507?
13
What is the highest common factor of 9310 and 735?
245
Calculate the highest common factor of 600 and 577650.
150
What is the greatest common factor of 170 and 3196?
34
Calculate the greatest common divisor of 113032 and 852.
284
What is the greatest common factor of 205506 and 23814?
882
Calculate the greatest common divisor of 1182335 and 2739.
913
Calculate the highest common factor of 1610588 and 679.
679
What is the greatest common divisor of 251680 and 832?
416
Calculate the highest common factor of 39 and 42003.
39
Calculate the highest common factor of 364 and 4984.
28
Calculate the greatest common divisor of 1018680 and 1560.
1560
What is the highest common divisor of 1240 and 430?
10
What is the greatest common divisor of 28746 and 144?
18
Calculate the highest common factor of 2982 and 63.
21
What is the greatest common factor of 37335 and 20?
5
Calculate the highest common factor of 342654 and 442.
26
What is the highest common divisor of 4522 and 3094?
238
Calculate the greatest common divisor of 1647 and 43389.
27
Calculate the greatest common factor of 70545 and 15.
15
Calculate the greatest common factor of 1898764 and 68.
68
Calculate the highest common factor of 5512 and 29016.
104
What is the highest common factor of 76450 and 2750?
550
What is the highest common divisor of 2046762 and 36?
18
Calculate the highest common divisor of 1155 and 15939.
231
Calculate the highest common divisor of 499470 and 10.
10
Calculate the greatest common factor of 280147 and 651.
217
What is the greatest common divisor of 37137 and 3?
3
What is the greatest common divisor of 11620 and 280?
140
Calculate the greatest common factor of 10 and 17528.
2
What is the greatest common divisor of 532 and 427500?
76
What is the highest common factor of 271 and 49051?
271
What is the greatest common divisor of 120 and 133260?
60
Calculate the greatest common factor of 121023 and 3.
3
Calculate the highest common factor of 150 and 82425.
75
Calculate the highest common factor of 119782 and 68.
34
What is the greatest common factor of 2160 and 16816?
16
What is the greatest common divisor of 1723392 and 34?
34
Calculate the highest common factor of 136 and 163584.
8
What is the highest common factor of 4769 and 8032?
251
Calculate the highest common divisor of 6524 and 345306.
466
Calculate the highest common divisor of 1560 and 760890.
390
What is the greatest common divisor of 4356 and 8844?
132
What is the greatest common factor of 18590 and 10?
10
What is the greatest common factor of 78981 and 1596?
21
What is the highest common factor of 71810 and 47300?
430
What is the highest common factor of 92170 and 6370?
130
Calculate the highest common divisor of 12 and 3785688.
12
What is the highest common divisor of 5413 and 69?
1
Calculate the highest common divisor of 6930 and 1890.
630
Calculate the highest common factor of 336485 and 778.
389
Calculate the h